he hundreds digit of 34740939?
9
What is the millions digit of 17608427?
7
What is the tens digit of 2403168670?
7
What is the hundred thousands digit of 466230556?
2
What is the tens digit of 265926501?
0
What is the thousands digit of 1266192290?
2
What is the billions digit of 2426580031?
2
What is the hundreds digit of 5380841669?
6
What is the ten thousands digit of 1066456?
6
What is the billions digit of 1097594683?
1
What is the millions digit of 182614819?
2
What is the thousands digit of 5546954?
6
What is the hundred thousands digit of 26512977?
5
What is the units digit of 35932272?
2
What is the hundred thousands digit of 6724764339?
7
What is the tens digit of 1811146519?
1
What is the ten thousands digit of 1743498235?
9
What is the millions digit of 283626753?
3
What is the millions digit of 7075916732?
5
What is the ten millions digit of 4296354265?
9
What is the hundred millions digit of 142241987?
1
What is the ten millions digit of 63666213?
6
What is the thousands digit of 65938178?
8
What is the millions digit of 844398736?
4
What is the hundred thousands digit of 67281464?
2
What is the millions digit of 4191026698?
1
What is the hundreds digit of 6986878527?
5
What is the tens digit of 86802286?
8
What is the tens digit of 677937830?
3
What is the thousands digit of 107790015?
0
What is the millions digit of 135681964?
5
What is the tens digit of 56111488?
8
What is the millions digit of 19806974?
9
What is the ten millions digit of 2351351649?
5
What is the ten thousands digit of 361807965?
0
What is the millions digit of 1384651?
1
What is the thousands digit of 1720321150?
1
What is the hundred millions digit of 2674814701?
6
What is the hundred millions digit of 231109351?
2
What is the units digit of 4223960153?
3
What is the units digit of 3451006235?
5
What is the hundred thousands digit of 479705445?
7
What is the units digit of 376497324?
4
What is the hundred millions digit of 3315516815?
3
What is the hundred thousands digit of 343933440?
9
What is the hundreds digit of 2662648?
6
What is the tens digit of 32788060?
6
What is the tens digit of 1062879308?
0
What is the units digit of 1238237893?
3
What is the hundreds digit of 13693270?
2
What is the hundred millions digit of 2286829406?
2
What is the hundred thousands digit of 786144510?
1
What is the ten millions digit of 589097220?
8
What is the ten millions digit of 15714846?
1
What is the ten thousands digit of 1530649922?
4
What is the ten thousands digit of 39697779?
9
What is the billions digit of 3276426320?
3
What is the hundred thousands digit of 74918295?
9
What is the millions digit of 48160916?
8
What is the millions digit of 594944653?
4
What is the millions digit of 200714681?
0
What is the thousands digit of 293021641?
1
What is the tens digit of 1986522073?
7
What is the hundred millions digit of 720863509?
7
What is the hundreds digit of 258834247?
2
What is the hundred thousands digit of 3883730880?
7
What is the hundred thousands digit of 211115185?
1
What is the hundred thousands digit of 25000360?
0
What is the hundred thousands digit of 853160987?
1
What is the ten millions digit of 5503330202?
0
What is the ten thousands digit of 281217129?
1
What is the ten thousands digit of 42053513?
5
What is the thousands digit of 4921600262?
0
What is the tens digit of 212247985?
8
What is the millions digit of 108984974?
8
What is the hundred thousands digit of 162754190?
7
What is the ten thousands digit of 1670991053?
9
What is the hundreds digit of 27401094?
0
What is the hundred millions digit of 6154130790?
1
What is the ten millions digit of 33543826?
3
What is the hundreds digit of 929137634?
6
What is the units digit of 232018042?
2
What is the ten millions digit of 1318630109?
1
What is the ten millions digit of 30264291?
3
What is the ten millions digit of 161093758?
6
What is the millions digit of 920966015?
0
What is the units digit of 121748388?
8
What is the ten millions digit of 346673108?
4
What is the hundreds digit of 54761065?
0
What is the millions digit of 63758323?
3
What is the millions digit of 48172295?
8
What is the ten millions digit of 3510104485?
1
What is the thousands digit of 77830272?
0
What is the units digit of 302240534?
4
What is the hundreds digit of 1866253062?
0
What is the hundred thousands digit of 76078306?
0
What is the units digit of 141809478?
8
What is the units digit of 1735168011?
1
What is the units digit of 19768135?
5
What is the units digit of 10735183?
3
What is the hundred millions digit of 383238483?
3
What is the hundreds digit of 20963031?
0
What is the tens digit of 50835183?
8
What is the billions digit of 1989517355?
1
What is the ten thousands digit of 1222060552?
6
What is the hundreds digit of 1484573?
5
What is the millions digit of 47082581?
7
What is the ten thousands digit of 54336812?
3
What is the ten thousands digit of 85423297?
2
What is the tens digit of 82040399?
9
What is the units digit of 2174557185?
5
What is the ten thousands digit of 933093825?
9
What is the thousands digit of 68737402?
7
What is the millions digit of 192453339?
2
What is the hundred thousands digit of 49894766?
8
What is the ten thousands digit of 69225414?
2
What is the ten millions digit of 88611790?
8
What is the hundred thousands digit of 428768214?
7
What is the millions digit of 70115613?
0
What is the thousands digit of 39745138?
5
What is the hundreds digit of 604914653?
6
What is the units digit of 96820760?
0
What is the tens digit of 96234?
3
What is the thousands digit of 288304199?
4
What is the hundred millions digit of 470244118?
4
What is the units digit of 289694005?
5
What is the hundred thousands digit of 102370362?
3
What is the ten thousands digit of 2091945553?
4
What is the hundred thousands digit of 33755722?
7
What is the ten thousands digit of 94286806?
8
What is the thousands digit of 24129830?
9
What is the hundred millions digit of 564722344?
5
What is the thousands digit of 70066904?
6
What is the thousands digit of 247074161?
4
What is the hundreds digit of 1191654195?
1
What is the tens digit of 137477431?
3
What is the hundred thousands digit of 37473504?
4
What is the thousands digit of 7779883?
9
What is the ten millions digit of 25841726?
2
What is the thousands digit of 54472488?
2
What is the ten thousands digit of 21425523?
2
What is the hundreds digit of 94513438?
4
What is the hundreds digit of 108428165?
1
What is the ten millions digit of 1720791887?
2
What is the thousands digit of 2999107257?
7
What is the hundred thousands digit of 93799361?
7
What is the hundreds digit of 503889132?
1
What is the millions digit of 32756056?
2
What is the units digit of 3202951141?
1
What is the tens digit of 88041441?
4
What is the thousands digit of 504546688?
6
What is the tens digit of 40613694?
9
What is the hundreds digit of 1200462798?
7
What is the ten thousands digit of 1137235771?
3
What is the hundred thousands digit of 105335037?
3
What is the thousands digit of 1863031667?
1
What is the tens digit of 95363514?
1
What is the billions digit of 1201239282?
1
What is the ten millions digit of 15741166?
1
What is the millions digit of 55941698?
5
What is the hundreds digit of 257506206?
2
What is the billions digit of 1572186877?
1
What is the billions digit of 1296013482?
1
What is the ten thousands digit of 46383876?
8
What is the units digit of 352662541?
1
What is the millions digit of 40340487?
0
What is the hundred thousands digit of 80731525?
7
What is the hundred thousands digit of 64269073?
2
What is the hundred thousands digit of 402919059?
9
What is the ten thousands digit of 73552267?
5
What is the hundred thousands digit of 1903291?
9
What is the units digit of 1571401862?
2
What is the units digit of 4727776405?
5
What is the units digit of 71488015?
5
What is the hundred millions digit of 1541035124?
5
What is the units digit of 2009074771?
1
What is the millions digit of 50136586?
0
What is the millions digit of 440789856?
0
What is the ten millions digit of 704539485?
0
What is the hundred thousands digit of 38477534?
4
What is the ten millions digit of 80138918?
8
What is the ten millions digit of 55340975?
5
What is the billions digit of 